ppose j = -2*h + 335, -2*h = 4*j - 0*j - 320. Suppose 694 = 5*l - l - 3*k, -k = l - h. Suppose -2*z = 2*z - l. List the prime factors of z.
43
Suppose 5*x + 4*g - 7*g = 7, -10 = -4*x - 2*g. Suppose x*l + 287 = -4*n - 371, 0 = -n - 5*l - 142. Let f = 320 + n. What are the prime factors of f?
3, 17
Let d(g) be the second derivative of g**5/20 - 5*g**4/12 - g**3/6 + 8*g**2 - 7*g. List the prime factors of d(9).
331
Let k(t) = -t**2 + 18*t - 3. Suppose 5*h + 0*n - 10 = 5*n, -4*h - n = -23. Suppose 0 = 3*j - h*j + 34. List the prime factors of k(j).
2, 7
Suppose -x = 5*i - 29 - 44, 0 = 4*x - 3*i - 177. Suppose -x*f = -49*f + 5, 3*d + f = 4559. List the prime factors of d.
2, 3, 11, 23
Let n = -791 + 803. What are the prime factors of (-1529)/(-2) + (-6)/n?
2, 191
Suppose 60 = 2*t - 7*t. Let d = 16 - t. Let o = d - -49. List the prime factors of o.
7, 11
Let f(z) = -3*z**3 - z**2 + 3*z + 60. Suppose -3*v = -l - 21, 0*l + 3*v = -2*l + 3. List the prime factors of f(l).
2, 3, 109
Suppose 3*z - 8*z + 74 = 3*i, -9 = -3*i. Suppose 6*j = z - 1. Let g(h) = 58*h + 6. List the prime factors of g(j).
2, 61
Suppose -47858 = -6*j + 35200. What are the prime factors of j?
109, 127
Let g(d) = -d**3 + 14*d**2 + 4*d - 45. Let b be g(14). Suppose b*k - 1219 = 4666. List the prime factors of k.
5, 107
Suppose 3*x = 54494 + 79687. What are the prime factors of x?
3, 17, 877
Suppose 707*m - 523766 = 654*m + 4113787. What are the prime factors of m?
3, 29167
Let y be -3 + (-15)/10*-4. Let s be -4 - -8 - 0/y. Suppose -361 = -s*v - 69. What are the prime factors of v?
73
Suppose c - 4*m + 164 = 0, 5*c + 5*m - 1 = -696. Let i = c - -269. What are the prime factors of i?
5
Let p(g) = 11*g + 2. Let f(m) = -11*m - 21 + 16 - 44. Let n be f(-6). List the prime factors of p(n).
3, 7
Let x(t) = t**3 + 17*t**2 + 16*t - 21. Let q be x(-12). Suppose -q = -12*b - 159. What are the prime factors of b?
29
Let f = -388 - 571. Let j = f - -1735. List the prime factors of j.
2, 97
Suppose -21*f + 17*f = 3*u - 58419, 5*f = 3*u - 58419. List the prime factors of u.
3, 6491
Let k(f) = 147*f - 389. List the prime factors of k(12).
5, 11
Let d(k) = -k**3 + 5*k**2 + 5*k. Let c be d(6). Let g(m) = 56*m - 35*m - 24*m + 30. What are the prime factors of g(c)?
2, 3
Suppose 618539 + 2263993 = 267*k. List the prime factors of k.
2, 2699
Suppose -38*v - 1822 = 1522. Let a be -2 + (1*133 - 2). Let q = a + v. List the prime factors of q.
41
Let i = -11602 + 19170. Suppose 0 = -10*a - a + i. List the prime factors of a.
2, 43
Suppose 2*x - 58*p = -59*p + 3571, 2*p - 8929 = -5*x. List the prime factors of x.
1787
Let p(h) = h**3 + h**2 + h + 74. Let x be p(0). Suppose 0 = 3*c - 5*g - 215, 5*g = c + g - x. What are the prime factors of c?
2, 5, 7
Let w(x) = 103*x**3 - 15*x**2 - 50*x + 3. What are the prime factors of w(6)?
3, 13, 61
Suppose 0 = 261*o - 155093 - 421515 - 284692. What are the prime factors of o?
2, 3, 5, 11
Let k(o) = -o + 1. Let l(s) = 59*s - 32. Let j(y) = 6*k(y) + l(y). What are the prime factors of j(10)?
2, 3, 7
Let m = -36537 - -80916. List the prime factors of m.
3, 4931
Suppose 0*r + 11 = 3*r - u, -2*u = -r + 7. Suppose r*t = -2*y + 2*t + 2807, -y - 5*t + 1381 = 0. List the prime factors of y.
2, 19, 37
Let y be 8/(-2) - 1256/4. What are the prime factors of ((416/12)/8)/((-2)/y)?
13, 53
Suppose -3*p + 4*a - 4 - 16 = 0, 2*a + 44 = -3*p. Let d(g) = -44*g - 127. List the prime factors of d(p).
401
Let b(h) = 4*h**3 + 8*h**2 + 5*h + 2. Let a be b(-6). Let i = a - -335. Let j = i + 400. List the prime factors of j.
131
Suppose 11*u + 3 - 14 = 0. What are the prime factors of (u - 3)/((-6)/3108)?
2, 7, 37
Let o(l) = 4*l + 90. Let t be o(0). Suppose -34*s = -31*s - t. Suppose 2*i = -s + 204. What are the prime factors of i?
3, 29
Let u = 2997 + -4540. Let d = -435 - u. List the prime factors of d.
2, 277
Suppose 2*l - 5 - 3 = c, 5*c - 3*l + 12 = 0. Suppose -5*y - 59 - 21 = c. Let u = y + 40. List the prime factors of u.
2, 3
Let o be (-4 - 158)/((-9)/((-18)/(-4))). Suppose 0 = -4*j + o + 1755. List the prime factors of j.
3, 17
Let w be 495/105 + 4/14. What are the prime factors of (49/6)/(((-20)/(-24))/w)?
7
Let d(k) = 1721*k**2 + 63*k + 64. What are the prime factors of d(-1)?
2, 3, 7, 41
Let w = 170208 + -116415. List the prime factors of -2 + 51/27 + w/81.
2, 83
Let j = -41041 - -57747. List the prime factors of j.
2, 8353
Let s(b) = b**3 + 9*b**2 - 1. Let w be s(-5). What are the prime factors of 3/6 + (3 - w/(-6))?
2, 5
What are the prime factors of (-12)/(-2 + 17814/8916)?
2, 743
Suppose 0 = -5*u + 4*v + 41 - 9, 0 = 4*u - 2*v - 22. Suppose -u*c - l = -4255, -5*c = -3*c + 3*l - 2125. List the prime factors of c.
2, 7, 19
Suppose 2*n - 5*a - 361 - 120 = 0, 2*n = a + 493. Suppose 164 = 2*d + r, -n = -3*d - 3*r + r. Let u = d - -8. List the prime factors of u.
2, 11
Suppose 6963 = b + 2*y - 2134, y + 8 = 0. What are the prime factors of b?
13, 701
Suppose -16*p + 35435 = -172005. What are the prime factors of p?
5, 2593
Let z = 198 - 201. What are the prime factors of (-10476)/(-21) - ((-12)/(-28))/z?
499
Let s be 13/5 - 24/(-60). Suppose -s*p - 81 - 18 = 0. What are the prime factors of (-2*(2 - -24))/(22/p)?
2, 3, 13
Let h = 4769 + -2999. List the prime factors of h.
2, 3, 5, 59
Let z(t) = 742*t - 4454. Let q be z(6). Let n(v) be the first derivative of -37*v**4/4 - 4*v**3/3 - v**2 + 2*v + 2. List the prime factors of n(q).
2, 11, 13
Suppose -2*p = -2*z - 540 - 62, -3*p = 5*z + 1441. Let o(r) = -22*r**3 - 3*r**2 + r - 1. Let j be o(2). Let b = j - z. What are the prime factors of b?
2, 53
Suppose -896 = -3*p - 2*t, 0 = -23*p + 24*p + t - 300. Let a = 1120 - p. What are the prime factors of a?
2, 103
Let g(r) = -47*r - 1. Let q = 14 - 4. Suppose 0 = 2*x - q, 0 = -0*y - 2*y - 4*x + 18. What are the prime factors of g(y)?
2, 23
Let n(i) = -7*i**3 - 226*i**2 - 2873*i - 20. What are the prime factors of n(-14)?
2, 3, 11, 229
Let x = 37502 - -55151. What are the prime factors of x?
11, 8423
Let u(x) = 7*x - 25. Let n be u(4). Suppose -24 = -3*h - n*h. Suppose 3*t + h*k = -8, -1 = -6*t + 2*t - 3*k. What are the prime factors of t?
2
Let c = 3194 + 3215. List the prime factors of c.
13, 17, 29
Suppose 588 = 47*t - 54*t. Let b = t - -102. List the prime factors of b.
2, 3
Let i(q) = 4*q**2 - 16*q - 64. Let r be i(32). List the prime factors of (-6 - r/(-45)) + 4/(-18).
2, 3
Let t be 20/(-15)*63/(-2). Suppose 5*x - 12 = -t. List the prime factors of 618/30 + x/(-15) + 0.
3, 7
Suppose y = 3*u - 21207 - 9698, -u - 2*y = -10311. List the prime factors of u.
10303
Let d(y) = 300*y**2 - 38*y - 772. What are the prime factors of d(-16)?
2, 7, 17, 23
Let s(d) = 16*d**2 + 3*d - 11. Let f(t) = t + 1. Let m(c) = 4*f(c) + s(c). What are the prime factors of m(8)?
29, 37
Let h(f) = -11 + 52 + 5 - f**2 - 32*f + 34. Let d be ((-24)/10)/6 - (-138)/(-5). What are the prime factors of h(d)?
2, 3
Let v(b) = b**3 - 3*b**2 + b - 9. Let i be (7 + -2)/(7 - 6) - 1. Let f be v(i). Suppose -1127 = -f*p + 193. What are the prime factors of p?
2, 3, 5
Suppose u - 663 = 4*d, -d - d - 3243 = -5*u. Let n = u - 71. Let w = n - 310. What are the prime factors of w?
2, 7, 19
Suppose -6*g = -0 - 0. Suppose g = -2*r - o - 44, r - 2*o + 6 = -16. List the prime factors of (r/12)/((-4)/8)*12.
2, 11
Let h(t) = -23*t - 62. Let n be h(-3). Let q(x) = -30 + 16*x + 6 + 4*x. List the prime factors of q(n).
2, 29
Suppose 2*q + 600 = 32*q. Suppose 44*n = q*n + 12480. What are the prime factors of n?
2, 5, 13
Let p be 20/((-1589)/525 - -3). Let b = -172 - p. What are the prime factors of b?
2, 17
Let w(m) = -11*m - 22. Let d(h) = -21*h - 43. Let z(s) = 4*d(s) - 7*w(s). Let b be 56/(-16) - (-3)/(-6). List the prime factors of z(b).
2, 5
Let i be (19/((-380)/552))/((-6)/20). Let a = i - -253. List the prime factors of a.
3, 5, 23
Let g be (2 + -3 - 0)*-5. Suppose -2*c = -5*w - 7 - 11, 0 = -g*c - w + 18. Let r = 4 + c. List the prime factors of r.
2
Let s = -18014 - -41895. List the prime factors of s.
11, 13, 167
Let b(i) = 4*i**2 - 7*i + 93. Let r be b(-20). Suppose d + r = 5*t, 2 + 4 = 3*d. List the prime factors of t.
367
Let j be (-335)/(0/5 - 1). Let s = 470 - j. What are the prime factors of s?
3, 5
Suppose -6698 = -v + 624*p - 621